{"id":71,"date":"2014-08-04T16:15:42","date_gmt":"2014-08-04T14:15:42","guid":{"rendered":"http:\/\/schlagzeughaus.ch\/wordpress\/?page_id=71"},"modified":"2014-08-04T16:20:49","modified_gmt":"2014-08-04T14:20:49","slug":"schlagzeug","status":"publish","type":"page","link":"https:\/\/schlagzeughaus.ch\/?page_id=71","title":{"rendered":"Schlagzeug"},"content":{"rendered":"<p style=\"color: #000000;\">Das Schlagzeug &#8211; oder auch Drumset genannt &#8211; ist eine Kombination verschiedener Schlaginstrumente. Das Kernst\u00fcck besteht aus einer Bassdrum (Grosse Trommel), einer Snare Drum (KleineTrommel), einer Hi-Hat (Cinellen) sowie Cymbals (Becken).<\/p>\n<p style=\"color: #000000;\">Zur Standardausr\u00fcstung eines modernen Schlagzeuges geh\u00f6ren heute auch zwei, drei oder mehr Tom-Tom`s. Zudem k\u00f6nnen beliebig viele weitere Instrumente individuell in ein Schlagzeug integriert werden.<\/p>\n<p style=\"color: #000000;\">Die Entstehung des heutigen Schlagzeuges nahm seinen Anfang Ende des 19. Jahrhunderts. Damals entstanden in New Orleans viele Musikkapellen, oftmals marschierende Gruppen, welche zu unterschiedlichsten Anl\u00e4ssen aufspielten. In diesen sogenannten Marching Bands befanden sich meistens zwei oder drei Trommler. Einer spielte die Grosse Trommel, ein anderer die Cinellen und der dritte die Kleine Trommel, so wie wir sie auch heute noch in der Marschmusik unserer Musikvereine antreffen. Waren nur zwei Trommler vorhanden, bediente ein Trommler die Grosse Trommel und die Becken gleichzeitig, indem ein Becken auf der grossen Trommel befestigt wurde. In einer Hand hielt der Trommler dann den Schlegel f\u00fcr die Grosse Trommel und in der anderen das zweite Becken.<\/p>\n<p style=\"color: #000000;\">Immer h\u00e4ufiger spielten diese Bands nicht mehr nur auf M\u00e4rschen und Paraden, sondern vermehrt auch an Tanz- und Konzertveranstaltungen. Einige Bands fingen an ausschliesslich von diesen Veranstaltungen zu leben. Dadurch beschr\u00e4nkte man sich aus Gr\u00fcnden der Kostenersparnis auf nur einen Trommler. So begannen die ersten Schlagzeuger, die Snare Drum auf einen Stuhl oder eine Art St\u00e4nder zu postieren. Die Grosse Trommel, die vorher herumgetragen wurde, stellte man auf den Boden. So mussten die Trommler eine neue Methode entwickeln, um den Part der Kleinen und Grossen Trommel gleichzeitig spielen zu k\u00f6nnen. Dies wurde \u201eDouble Drumming\u201c genannt. Viele Schlagzeuger f\u00fchlten sich jedoch mit dieser Art des Spielens eingeschr\u00e4nkt und versuchten Methoden zu entwickeln, um auf der Kleinen Trommel mit beiden H\u00e4nden spielen zu k\u00f6nnen. Dazu mussten die F\u00fcsse eingesetzt werden, die den Part der Bassdrum \u00fcbernehmen sollten. Infolgedessen entwickelte man zun\u00e4chst Pedale, welche den Klang der Marching Bands imitierten, d.h. Grosse Trommel und Becken wurden mittels eines Pedals gleichzeitig angeschlagen. Grosses Aufsehen erregte einige Jahre sp\u00e4ter der Chicagoer Perkussionist William F. Ludwig mit seinen Bassdrum-Pedal-Erfindungen. Sie waren der Ursprung der heutigen Fussmaschinen.<\/p>\n<p style=\"color: #000000;\">Auch wurde die Klangpalette des Schlagzeuges mehr und mehr erweitert durch verschiedene Arten von \u201eSound Effect\u201c- und Percussionsinstrumente wie z.B. Pfeifen, Waschbrett, Peitsche und andere Dinge, die der Schlagzeuger in den Vorstellungen der Stummfilmtheater oder in sogenannten \u201eMinstrel Shows\u201c bis ungef\u00e4hr 1930 benutzte.<\/p>\n<p style=\"color: #000000;\">Durch Einwanderer aus fremden L\u00e4ndern und aufgrund der Weltaustellungen im sp\u00e4ten 19. und fr\u00fchen 20. Jahrhundert entdeckten die Schlagzeuger Tom Toms, Woodblocks, Templeblocks und das Chinesische Becken.<\/p>\n<p style=\"color: #000000;\">So entwickelte sich das Schlagzeug und deren Spielweise bis zum heutigen Tage st\u00e4ndig weiter.<\/p>\n<p style=\"color: #000000;\">Quelle: 1000 faces of drum styles von Dirk Brand<\/p>\n","protected":false},"excerpt":{"rendered":"<p>Das Schlagzeug &#8211; oder auch Drumset genannt &#8211; ist eine Kombination verschiedener Schlaginstrumente. Das Kernst\u00fcck besteht aus einer Bassdrum (Grosse Trommel), einer Snare Drum (KleineTrommel), einer Hi-Hat (Cinellen) sowie Cymbals (Becken). Zur Standardausr\u00fcstung eines modernen Schlagzeuges geh\u00f6ren heute auch zwei, drei oder mehr Tom-Tom`s. Zudem k\u00f6nnen beliebig viele weitere Instrumente individuell in ein Schlagzeug integriert [&hellip;]<\/p>\n","protected":false},"author":1,"featured_media":0,"parent":73,"menu_order":70,"comment_status":"closed","ping_status":"closed","template":"","meta":{"ngg_post_thumbnail":0,"footnotes":""},"class_list":["post-71","page","type-page","status-publish","hentry"],"_links":{"self":[{"href":"https:\/\/schlagzeughaus.ch\/index.php?rest_route=\/wp\/v2\/pages\/71","targetHints":{"allow":["GET"]}}],"collection":[{"href":"https:\/\/schlagzeughaus.ch\/index.php?rest_route=\/wp\/v2\/pages"}],"about":[{"href":"https:\/\/schlagzeughaus.ch\/index.php?rest_route=\/wp\/v2\/types\/page"}],"author":[{"embeddable":true,"href":"https:\/\/schlagzeughaus.ch\/index.php?rest_route=\/wp\/v2\/users\/1"}],"replies":[{"embeddable":true,"href":"https:\/\/schlagzeughaus.ch\/index.php?rest_route=%2Fwp%2Fv2%2Fcomments&post=71"}],"version-history":[{"count":1,"href":"https:\/\/schlagzeughaus.ch\/index.php?rest_route=\/wp\/v2\/pages\/71\/revisions"}],"predecessor-version":[{"id":72,"href":"https:\/\/schlagzeughaus.ch\/index.php?rest_route=\/wp\/v2\/pages\/71\/revisions\/72"}],"up":[{"embeddable":true,"href":"https:\/\/schlagzeughaus.ch\/index.php?rest_route=\/wp\/v2\/pages\/73"}],"wp:attachment":[{"href":"https:\/\/schlagzeughaus.ch\/index.php?rest_route=%2Fwp%2Fv2%2Fmedia&parent=71"}],"curies":[{"name":"wp","href":"https:\/\/api.w.org\/{rel}","templated":true}]}}